ple of 7?
False
Is 6417813 a multiple of 95?
False
Is 688887828 a multiple of 2889?
True
Is 23 a factor of 1309281992?
True
Is 1218595632 a multiple of 17?
True
Does 84 divide 199983000?
True
Is 4 a factor of 12078568?
True
Does 45 divide 74191635?
True
Is 296 a factor of 16064712?
False
Is 34 a factor of 189508656?
True
Is 526 a factor of 5578779?
False
Is 828414839 a multiple of 276?
False
Is 67 a factor of 34649841?
False
Does 243 divide 119426116?
False
Does 71 divide 1892932902?
False
Is 1240497603 a multiple of 8?
False
Is 2252 a factor of 2282997088?
False
Is 8832934 a multiple of 22?
True
Does 10 divide 186776927?
False
Is 777 a factor of 62128257?
False
Does 12 divide 6042984?
True
Is 3835084 a multiple of 41?
False
Does 27 divide 217504138?
False
Is 2450 a factor of 1332372721?
False
Does 48 divide 164577024?
True
Is 27832640 a multiple of 245?
False
Is 3019 a factor of 756235058?
False
Does 8 divide 26702576?
True
Does 29 divide 78425512?
True
Is 5052 a factor of 2091391596?
True
Is 4 a factor of 46635172?
True
Is 206487432 a multiple of 651?
False
Does 94 divide 22003614?
True
Does 130 divide 664501500?
True
Is 1573 a factor of 1697915076?
True
Does 13 divide 4901088698?
False
Is 23 a factor of 72524382?
True
Is 91583064 a multiple of 526?
False
Is 69 a factor of 24116977?
False
Does 23 divide 402110461?
False
Is 135 a factor of 1222440603?
False
Is 110 a factor of 86629180?
True
Is 3318 a factor of 412503714?
True
Is 2115657 a multiple of 3?
True
Does 120 divide 1195201401?
False
Is 696 a factor of 49392336?
True
Is 5 a factor of 438320810?
True
Is 130853580 a multiple of 2222?
True
Is 187509821 a multiple of 16?
False
Does 1087 divide 3700099085?
True
Is 31263354 a multiple of 154?
False
Does 10 divide 101420090?
True
Is 1847539016 a multiple of 233?
True
Is 114 a factor of 572661900?
True
Is 41 a factor of 319918367?
True
Is 55 a factor of 8340516?
False
Does 36 divide 1946690309?
False
Does 51 divide 178310025?
True
Does 65 divide 152256871?
False
Is 29782013 a multiple of 16?
False
Is 163072152 a multiple of 124?
True
Is 3093914616 a multiple of 73?
True
Is 325278841 a multiple of 20?
False
Is 1904360236 a multiple of 189?
False
Is 855 a factor of 64377399?
False
Is 10239706 a multiple of 8?
False
Does 539 divide 217543095?
True
Does 3 divide 32312526?
True
Is 1346 a factor of 100084522?
True
Is 40425216 a multiple of 192?
True
Is 4479600514 a multiple of 6874?
False
Is 2638720 a multiple of 32?
True
Is 135314488 a multiple of 7?
False
Is 8 a factor of 16365488?
True
Is 50481484 a multiple of 313?
False
Is 1019101580 a multiple of 1580?
True
Is 107 a factor of 112884218?
False
Is 1417808499 a multiple of 1494?
False
Is 2337106369 a multiple of 7067?
True
Is 44 a factor of 8078928?
True
Is 833 a factor of 24315270?
True
Is 122345511 a multiple of 610?
False
Does 1585 divide 308316322?
False
Is 109717791 a multiple of 53?
True
Is 196 a factor of 34349392?
True
Is 3 a factor of 18153210?
True
Is 20 a factor of 133062540?
True
Does 2949 divide 604913625?
True
Is 110 a factor of 1094886430?
True
Does 99 divide 20146290?
False
Is 4752 a factor of 1394022960?
True
Is 50 a factor of 99805050?
True
Does 90 divide 96168809?
False
Is 19 a factor of 22154570?
True
Does 18 divide 5512950?
True
Is 121973794 a multiple of 214?
True
Is 19880544 a multiple of 222?
True
Is 762109225 a multiple of 313?
False
Is 47329750 a multiple of 299?
False
Is 470298510 a multiple of 18?
True
Is 36 a factor of 29385450?
False
Is 327 a factor of 1325253790?
False
Is 645294854 a multiple of 41?
False
Is 152 a factor of 613333376?
True
Is 43 a factor of 730875300?
True
Is 114 a factor of 411230262?
True
Is 159871266 a multiple of 27?
True
Is 44202203 a multiple of 64?
False
Does 4 divide 9990044?
True
Is 2 a factor of 455908956?
True
Does 24 divide 7709605?
False
Is 7 a factor of 197903734?
True
Does 391 divide 20266284?
False
Is 13077830 a multiple of 1171?
False
Does 2453 divide 240808253?
False
Does 1873 divide 944151205?
True
Is 326 a factor of 1793299594?
True
Is 170279306 a multiple of 372?
False
Is 3589528 a multiple of 21?
False
Is 1255 a factor of 61640580?
True
Does 30 divide 61202130?
True
Does 19 divide 17312097?
True
Is 904756176 a multiple of 27?
True
Is 14 a factor of 10960054?
True
Is 159 a factor of 9453027?
True
Is 10799 a factor of 2176268475?
True
Is 115193223 a multiple of 207?
True
Is 229012841 a multiple of 836?
False
Is 33298500 a multiple of 237?
True
Is 618495952 a multiple of 2302?
False
Is 6613135 a multiple of 263?
True
Does 30 divide 10871760?
True
Is 42847544 a multiple of 193?
True
Does 162 divide 13671180?
True
Is 34833 a multiple of 20?
False
Does 4 divide 122959820?
True
Is 2230 a factor of 3290231200?
True
Is 602250144 a multiple of 228?
True
Does 556 divide 547632756?
True
Does 184 divide 1838349946?
False
Is 3664358489 a multiple of 7601?
True
Is 127 a factor of 21389890?
False
Is 101425060 a multiple of 34?
True
Is 11492910 a multiple of 114?
True
Is 771 a factor of 420400189?
False
Is 2640543663 a multiple of 776?
False
Does 900 divide 205487854?
False
Is 207 a factor of 9233459?
False
Does 7 divide 53940120?
False
Does 735 divide 28524107?
False
Is 5 a factor of 13900900?
True
Is 1767153 a multiple of 83?
True
Is 37 a factor of 2990073804?
False
Does 43 divide 53745409?
False
Is 353818949 a multiple of 14?
False
Is 9744061 a multiple of 1602?
False
Is 402035646 a multiple of 4515?
False
Is 1648130704 a multiple of 2252?
True
Is 1956361017 a multiple of 5030?
False
Is 123 a factor of 430687985?
False
Does 29 divide 1524851100?
False
Is 62 a factor of 2310404290?
False
Is 22 a factor of 747188002?
True
Does 109 divide 2251572234?
True
Does 1552 divide 176218736?
True
Is 184601351 a multiple of 11?
True
Is 9 a factor of 4678682?
False
Is 2451 a factor of 221180691?
True
Is 2 a factor of 137520930?
True
Is 23047352 even?
True
Is 39 a factor of 7343232?
True
Is 35 a factor of 55570194?
False
Does 641 divide 32047869?
False
Does 48 divide 36133121?
False
Is 666 a factor of 512302518?
True
Is 5 a factor of 1892977180?
True
Is 91 a factor of 9143680?
True
Is 355763967 a multiple of 10?
False
Is 86078209 even?
False
Does 52 divide 69980976?
True
Is 4263 a factor of 845020416?
False
Does 4952 divide 797887955?
False
Does 795 divide 4059710?
False
Is 18125820 a multiple of 4?
True
Is 10 a factor of 1638844364?
False
Is 1861027078 a multiple of 30?
False
Is 14013330 a multiple of 30?
True
Is 169 a factor of 930307929?
False
Is 6774864 a multiple of 124?
True
Does 344 divide 130769536?
True
Does 110 divide 2094620?
True
Is 17 a factor of 1224834071?
True
Does 488 divide 47111620?
False
Does 32 divide 13702650?
False
Is 207221415 a multiple of 37?
False
Is 115 a factor of 768385149?
False
Is 33338322 a multiple of 20?
False
Is 32 a factor of 991526?
False
Is 168 a factor of 559552896?
True
Is 9537886 a multiple of 503?
True
Is 3231610 a multiple of 3?
False
Is 178 a factor of 9769352?
True
Does 816 divide 301387968?
True
Does 267 divide 51323489?
False
Is 27586001 a multiple of 5?
False
Is 164875904 a multiple of 32?
True
Does 41 divide 16802620?
True
Is 1072 a factor of 589566768?
True
Is 124447771 a multiple of 579?
False
Is 310 a factor of 29291640?
False
Does 49 divide 47573855?
True
Does 125 divide 175663455?
False
Does 17 divide 20795698?
False
Is 1758 a factor of 460817508?
True
Does 3441 divide 162160995?
False
Is 754 a factor of 94348254?
False
Is 274789044 a multiple of 36?
True
Does 16 divide 182173788?
False
Is 107922156 a multiple of 7?
False
Is 1433727497 a multiple of 30?
False
Does 1824 divide 43191752?
False
Does 6 divide 149776867?
False
Is 8 a factor of 2697930399?
False
Is 319816408 a multiple of 604?
False
Is 44 a factor of 22063008?
True
Does 54 divide 2368844082?
True
Does 19 divide 475155130?
False
Is 4756142088 a multiple of 34?
True
Is 327052930 a multiple of 53?
True
Does 194 divide 1329627340?
False
Does 108 divide 1094996?
False
Is 29 a factor of 2514807906?
True
Is 25115262 a multiple of 40?
False
Is 226 a factor of 17512123?
False
Is 278 a factor of 10882866?
True
Does 234 divide 1497934451?
False
Is 6665374802 a multiple of 12?
False
Is 2454 a factor of 71146368?
True
Is 20 a factor of 316032308?
F